
{"id":12,"date":"2017-02-21T12:14:54","date_gmt":"2017-02-21T15:14:54","guid":{"rendered":"http:\/\/localhost\/saap\/?page_id=12"},"modified":"2023-03-27T17:05:36","modified_gmt":"2023-03-27T20:05:36","slug":"equipe","status":"publish","type":"page","link":"https:\/\/saapgestao.com.br\/saapold\/quem-somos\/equipe\/","title":{"rendered":"Equipe"},"content":{"rendered":"<p><img decoding=\"async\" class=\"alignnone size-medium wp-image-7495\" src=\"http:\/\/saapgestao.com.br\/saapold\/wp-content\/uploads\/2023\/03\/WhatsApp-Image-2023-03-21-at-15.06.29-300x112.jpeg\" alt=\"\" width=\"300\" height=\"112\" srcset=\"https:\/\/saapgestao.com.br\/saapold\/wp-content\/uploads\/2023\/03\/WhatsApp-Image-2023-03-21-at-15.06.29-300x112.jpeg 300w, https:\/\/saapgestao.com.br\/saapold\/wp-content\/uploads\/2023\/03\/WhatsApp-Image-2023-03-21-at-15.06.29-768x288.jpeg 768w, https:\/\/saapgestao.com.br\/saapold\/wp-content\/uploads\/2023\/03\/WhatsApp-Image-2023-03-21-at-15.06.29.jpeg 913w\" sizes=\"(max-width: 300px) 100vw, 300px\" \/><\/p>\n<p><strong>Diretoria Executiva<\/strong><br \/>\nPresidente: Maria Helena do Amaral Os\u00f3rio Bueno<br \/>\nVice-presidente : Marcelo Campagnolo<br \/>\nSecret\u00e1rio : Liliane Carvalho Rocha<br \/>\nTesoureiro: Miguel Lowndes Dale<\/p>\n<p><strong>Conselho Consultivo<\/strong><br \/>\nPresidente : Maria Ignez Marcondes Barretto<br \/>\nVice-presidente : M\u00e1rcia Kalvon Woods<br \/>\nWellington Nogueira dos Santos Jr.<\/p>\n<p><strong>Conselho Fiscal<\/strong><br \/>\nGustavo Arantes Lanhoso<\/p>\n<p>Silvia Zanotti Magalh\u00e3es<\/p>\n<p>Milene Braga<\/p>\n<p><strong>Diretoria convidada<\/strong><\/p>\n<p>Diretora Rela\u00e7\u00f5es Publicas: Ana C\u00e9lia Gil Ferreira<\/p>\n<p>Diretora Cultural: Vivian Bonaccorso Fonseca<\/p>\n<p>Diretor Ambiental : Carlos Alberto Maluf Sanseverino<\/p>\n<p>Assistente Administrativa: Patr\u00edcia Macedo<\/p>\n","protected":false},"excerpt":{"rendered":"<p>Diretoria Executiva Presidente: Maria Helena do Amaral Os\u00f3rio Bueno Vice-presidente : Marcelo Campagnolo Secret\u00e1rio : Liliane Carvalho Rocha Tesoureiro: Miguel Lowndes Dale Conselho Consultivo Presidente : Maria Ignez Marcondes Barretto Vice-presidente : M\u00e1rcia Kalvon Woods Wellington Nogueira dos Santos Jr. Conselho Fiscal Gustavo Arantes Lanhoso Silvia Zanotti Magalh\u00e3es Milene Braga Diretoria convidada Diretora Rela\u00e7\u00f5es Publicas: [&hellip;]<\/p>\n","protected":false},"author":1,"featured_media":0,"parent":24,"menu_order":0,"comment_status":"closed","ping_status":"closed","template":"","meta":{"footnotes":""},"class_list":["post-12","page","type-page","status-publish","hentry"],"_links":{"self":[{"href":"https:\/\/saapgestao.com.br\/saapold\/wp-json\/wp\/v2\/pages\/12"}],"collection":[{"href":"https:\/\/saapgestao.com.br\/saapold\/wp-json\/wp\/v2\/pages"}],"about":[{"href":"https:\/\/saapgestao.com.br\/saapold\/wp-json\/wp\/v2\/types\/page"}],"author":[{"embeddable":true,"href":"https:\/\/saapgestao.com.br\/saapold\/wp-json\/wp\/v2\/users\/1"}],"replies":[{"embeddable":true,"href":"https:\/\/saapgestao.com.br\/saapold\/wp-json\/wp\/v2\/comments?post=12"}],"version-history":[{"count":0,"href":"https:\/\/saapgestao.com.br\/saapold\/wp-json\/wp\/v2\/pages\/12\/revisions"}],"up":[{"embeddable":true,"href":"https:\/\/saapgestao.com.br\/saapold\/wp-json\/wp\/v2\/pages\/24"}],"wp:attachment":[{"href":"https:\/\/saapgestao.com.br\/saapold\/wp-json\/wp\/v2\/media?parent=12"}],"curies":[{"name":"wp","href":"https:\/\/api.w.org\/{rel}","templated":true}]}}