
{"id":24,"date":"2017-02-21T12:18:08","date_gmt":"2017-02-21T15:18:08","guid":{"rendered":"http:\/\/localhost\/saap\/?page_id=24"},"modified":"2022-07-22T09:25:58","modified_gmt":"2022-07-22T12:25:58","slug":"quem-somos","status":"publish","type":"page","link":"https:\/\/saapgestao.com.br\/saapold\/quem-somos\/","title":{"rendered":"Quem somos"},"content":{"rendered":"<p><img fetchpriority=\"high\" decoding=\"async\" class=\"img-responsive alignnone wp-image-4568 size-full\" src=\"http:\/\/saapgestao.com.br\/saapold\/wp-content\/uploads\/2017\/02\/1_1Apresentacao.png\" alt=\"\" width=\"745\" height=\"249\" srcset=\"https:\/\/saapgestao.com.br\/saapold\/wp-content\/uploads\/2017\/02\/1_1Apresentacao.png 745w, https:\/\/saapgestao.com.br\/saapold\/wp-content\/uploads\/2017\/02\/1_1Apresentacao-300x100.png 300w\" sizes=\"(max-width: 745px) 100vw, 745px\" \/><\/p>\n<h2>SOBRE A SAAP<\/h2>\n<p>Fundada em dezembro de 1977, \u00e9 uma associa\u00e7\u00e3o da sociedade civil sem fins lucrativos, que tem como objetivo preservar as caracter\u00edsticas e a qualidade de vida no \u201cbairro-jardim\u201d do Alto dos Pinheiros.<\/p>\n<p>A SAAP \u00e9 uma entidade sem fins lucrativos e promove o exerc\u00edcio da cidadania, colocando-se como elo entre os moradores do bairro e \u00f3rg\u00e3os p\u00fablicos e institui\u00e7\u00f5es como Subprefeitura, Minist\u00e9rio P\u00fablico, pol\u00edcias entre outras. nossa miss\u00e3o \u00e9:<\/p>\n<p><em>\u201cAtuar pela qualidade de vida de todos que residem e frequentam o Alto dos Pinheiros, preservando o meio ambiente e as caracter\u00edsticas do bairro, valorizando a boa conviv\u00eancia e cidadania.\u201d<\/em><\/p>\n<p>Nossos objetivos institucionais s\u00e3o:<\/p>\n<ol>\n<li>Preserva\u00e7\u00e3o das caracter\u00edsticas de bairro-jardim: promover a\u00e7\u00f5es de defesa da ocupa\u00e7\u00e3o e do uso corretos dos im\u00f3veis e espa\u00e7os p\u00fablicos e privados, conforme a lei.<\/li>\n<li>Seguran\u00e7a e tranquilidade: contribuir com a seguran\u00e7a p\u00fablica, mobilizando os moradores e em coopera\u00e7\u00e3o com as pol\u00edcias Militar e Civil e a Guarda Metropolitana.<\/li>\n<li>Zeladoria: promover a\u00e7\u00f5es de zeladoria urbana, ajuda aos moradores na comunica\u00e7\u00e3o de problemas de manuten\u00e7\u00e3o geral, ilumina\u00e7\u00e3o, \u00e1reas verdes, ruas, bueiros, controle de roedores e de insetos.<\/li>\n<li>Mobilidade: articular solu\u00e7\u00f5es de melhorias em mobilidades dos que vivem e frequentam o bairro.<\/li>\n<li>Cidadania e conviv\u00eancia: incentivar a conviv\u00eancia cidad\u00e3 de moradores e frequentadores do bairro.<\/li>\n<\/ol>\n<p>As estrat\u00e9gias de a\u00e7\u00e3o s\u00e3o:<\/p>\n<ul>\n<li>Advocacy: fomentar e influenciar pol\u00edticas p\u00fablicas;<\/li>\n<li>Media\u00e7\u00e3o e articula\u00e7\u00e3o: intermediar o dialogo entre moradores, empresas e poder p\u00fablico em assuntos pertinentes ao bairro.<\/li>\n<li>Desenvolvimento e execu\u00e7\u00e3o de programas e projetos.<\/li>\n<\/ul>\n<p>Hoje a SAAP conta com mais de 263 associados pessoas f\u00edsicas, 7 condom\u00ednios de pr\u00e9dios e 14 Empresas Amigas do Bairro que corresponde a quase 2.300 fam\u00edlias, que contribuem financeiramente para manter sua sede e secret\u00e1ria, para a realiza\u00e7\u00e3o de eventos e execu\u00e7\u00e3o de projetos diversos no bairro. Muitos dos associados doam seu tempo graciosamente para viabilizar as atividades da associa\u00e7\u00e3o.<\/p>\n<p>Assista nosso v\u00eddeo institucional!<\/p>\n<p><iframe src=\"https:\/\/player.vimeo.com\/video\/141214360\" width=\"640\" height=\"360\" frameborder=\"0\" allowfullscreen=\"allowfullscreen\"><\/iframe><\/p>\n<p><a href=\"https:\/\/vimeo.com\/141214360\">SAAP &#8211; Associa\u00e7\u00e3o dos Amigos de Alto dos Pinheiros<\/a> from <a href=\"https:\/\/vimeo.com\/user38514866\">SAAP<\/a> on <a href=\"https:\/\/vimeo.com\">Vimeo<\/a>.<\/p>\n","protected":false},"excerpt":{"rendered":"<p>SOBRE A SAAP Fundada em dezembro de 1977, \u00e9 uma associa\u00e7\u00e3o da sociedade civil sem fins lucrativos, que tem como objetivo preservar as caracter\u00edsticas e a qualidade de vida no \u201cbairro-jardim\u201d do Alto dos Pinheiros. A SAAP \u00e9 uma entidade sem fins lucrativos e promove o exerc\u00edcio da cidadania, colocando-se como elo entre os moradores [&hellip;]<\/p>\n","protected":false},"author":1,"featured_media":0,"parent":0,"menu_order":0,"comment_status":"closed","ping_status":"closed","template":"","meta":{"footnotes":""},"class_list":["post-24","page","type-page","status-publish","hentry"],"_links":{"self":[{"href":"https:\/\/saapgestao.com.br\/saapold\/wp-json\/wp\/v2\/pages\/24"}],"collection":[{"href":"https:\/\/saapgestao.com.br\/saapold\/wp-json\/wp\/v2\/pages"}],"about":[{"href":"https:\/\/saapgestao.com.br\/saapold\/wp-json\/wp\/v2\/types\/page"}],"author":[{"embeddable":true,"href":"https:\/\/saapgestao.com.br\/saapold\/wp-json\/wp\/v2\/users\/1"}],"replies":[{"embeddable":true,"href":"https:\/\/saapgestao.com.br\/saapold\/wp-json\/wp\/v2\/comments?post=24"}],"version-history":[{"count":0,"href":"https:\/\/saapgestao.com.br\/saapold\/wp-json\/wp\/v2\/pages\/24\/revisions"}],"wp:attachment":[{"href":"https:\/\/saapgestao.com.br\/saapold\/wp-json\/wp\/v2\/media?parent=24"}],"curies":[{"name":"wp","href":"https:\/\/api.w.org\/{rel}","templated":true}]}}