
{"id":4383,"date":"2017-05-03T14:57:04","date_gmt":"2017-05-03T17:57:04","guid":{"rendered":"http:\/\/localhost\/saap\/?page_id=4383"},"modified":"2017-05-03T14:57:33","modified_gmt":"2017-05-03T17:57:33","slug":"dicas-de-seguranca","status":"publish","type":"page","link":"https:\/\/saapgestao.com.br\/saapold\/utilidades\/dicas-de-seguranca\/","title":{"rendered":"Dicas de seguran\u00e7a"},"content":{"rendered":"<p><strong>Fonte: Pol\u00edcia Militar \u2013 1<sup>a<\/sup> Cia<\/strong><\/p>\n<ul>\n<li>Conhe\u00e7a seus vizinhos! Saiba seus nomes, n\u00fameros de contatos e que voc\u00ea pode contar com eles.<\/li>\n<li>Ao chegar ou sair de casa fique atento. Se desconfiar de algo, aguarde, d\u00ea uma volta no quarteir\u00e3o e chame a PM pelo 190.<\/li>\n<li>Chegue por locais e hor\u00e1rios diferentes<\/li>\n<li>Tenha a chave da sua casa \u00e0 m\u00e3o antes de chegar \u00e0 porta<\/li>\n<li>N\u00e3o admita a entrada de pessoas estranhas em sua casa<\/li>\n<li>Garanta que algu\u00e9m acompanhe o servi\u00e7o contratado, mesmo que esteja na \u00e1rea externa da resid\u00eancia; se o servi\u00e7o exigir acesso ao interior, por precau\u00e7\u00e3o, oculte os objetos de valor<\/li>\n<li>N\u00e3o forne\u00e7a dados pessoais por telefone e oriente os empregados para que fa\u00e7am o mesmo.<\/li>\n<li>Todo entregador deve ser previamente autorizado e avisado de prefer\u00eancia com o nome do mesmo.<\/li>\n<li>Evite ficar na cal\u00e7ada com o port\u00e3o aberto conversando ou varrendo sem ter algu\u00e9m por perto.<\/li>\n<li>Fique atento \u00e0s constru\u00e7\u00f5es e reformas pr\u00f3ximas<\/li>\n<li>Tente identificar locais vulner\u00e1veis para uma invas\u00e3o.<\/li>\n<li>Se tiver portas para um jardim ou \u00e1reas externas, reforce-as usando travas<\/li>\n<li>Adicione uma segunda camada de prote\u00e7\u00e3o para janelas (Grades)<\/li>\n<li>Use ilumina\u00e7\u00e3o no per\u00edmetro da sua casa<\/li>\n<li>Mantenha os seus sistemas de seguran\u00e7a funcionando, mesmo quando voc\u00ea est\u00e1 em casa<\/li>\n<li>Repare todas as fechaduras estragadas e reforce-as<\/li>\n<li>Em caso de suspeita ou emerg\u00eancia ligue para 190 e depois para os n\u00fameros da 1\u00aa Cia relatando o ocorrido com a maior precis\u00e3o poss\u00edvel.<\/li>\n<li>Em caso de ocorr\u00eancia, n\u00e3o deixe de fazer BO! E avise a SAAP das ocorr\u00eancias.<\/li>\n<\/ul>\n","protected":false},"excerpt":{"rendered":"<p>Fonte: Pol\u00edcia Militar \u2013 1a Cia Conhe\u00e7a seus vizinhos! Saiba seus nomes, n\u00fameros de contatos e que voc\u00ea pode contar com eles. Ao chegar ou sair de casa fique atento. Se desconfiar de algo, aguarde, d\u00ea uma volta no quarteir\u00e3o e chame a PM pelo 190. Chegue por locais e hor\u00e1rios diferentes Tenha a chave [&hellip;]<\/p>\n","protected":false},"author":1,"featured_media":0,"parent":55,"menu_order":0,"comment_status":"closed","ping_status":"closed","template":"","meta":{"footnotes":""},"class_list":["post-4383","page","type-page","status-publish","hentry"],"_links":{"self":[{"href":"https:\/\/saapgestao.com.br\/saapold\/wp-json\/wp\/v2\/pages\/4383"}],"collection":[{"href":"https:\/\/saapgestao.com.br\/saapold\/wp-json\/wp\/v2\/pages"}],"about":[{"href":"https:\/\/saapgestao.com.br\/saapold\/wp-json\/wp\/v2\/types\/page"}],"author":[{"embeddable":true,"href":"https:\/\/saapgestao.com.br\/saapold\/wp-json\/wp\/v2\/users\/1"}],"replies":[{"embeddable":true,"href":"https:\/\/saapgestao.com.br\/saapold\/wp-json\/wp\/v2\/comments?post=4383"}],"version-history":[{"count":0,"href":"https:\/\/saapgestao.com.br\/saapold\/wp-json\/wp\/v2\/pages\/4383\/revisions"}],"up":[{"embeddable":true,"href":"https:\/\/saapgestao.com.br\/saapold\/wp-json\/wp\/v2\/pages\/55"}],"wp:attachment":[{"href":"https:\/\/saapgestao.com.br\/saapold\/wp-json\/wp\/v2\/media?parent=4383"}],"curies":[{"name":"wp","href":"https:\/\/api.w.org\/{rel}","templated":true}]}}