
{"id":4386,"date":"2017-05-03T14:58:48","date_gmt":"2017-05-03T17:58:48","guid":{"rendered":"http:\/\/localhost\/saap\/?page_id=4386"},"modified":"2023-05-11T13:57:46","modified_gmt":"2023-05-11T16:57:46","slug":"festa-em-praca-o-que-pode","status":"publish","type":"page","link":"https:\/\/saapgestao.com.br\/saapold\/utilidades\/festa-em-praca-o-que-pode\/","title":{"rendered":"Festa em pra\u00e7a: O que pode?"},"content":{"rendered":"<p>As festinhas infantis nas pra\u00e7as do bairro t\u00eam sido um assunto muito discutido na SAAP, pois temos recebido constantes reclama\u00e7\u00f5es sobre o uso abusivo das pra\u00e7as para a realiza\u00e7\u00e3o de eventos privados. Segue um resumo das determina\u00e7\u00f5es da Prefeitura sobre o espec\u00edfico de festinhas:<\/p>\n<ul>\n<li>Festas privadas fechadas n\u00e3o s\u00e3o permitidas nas pra\u00e7as \u2013 As pra\u00e7as s\u00e3o de responsabilidade da Subprefeitura de Pinheiros, s\u00e3o espa\u00e7os p\u00fablicos.<\/li>\n<li>Caso se queira fazer alguma reuni\u00e3o privada de amigos ou crian\u00e7as em uma pra\u00e7a, o evento deve se limitar a um piquenique, sem qualquer estrutura adicional \u00e0 que j\u00e1 \u00e9 oferecida pelo local. N\u00e3o \u00e9 permitido o uso de mesas, cadeiras, buffet e estruturas que obstruam os acessos.<\/li>\n<li>Nenhuma parte das pra\u00e7as pode ser fechada. Toda a \u00e1rea deve ser mantida aberta e com circula\u00e7\u00e3o livre para todos, o tempo todo.<\/li>\n<li>O uso de som eletr\u00f4nico n\u00e3o \u00e9 permitido.<\/li>\n<li>Ao se fazer um piquenique, que \u00e9 um evento apropriado para um espa\u00e7o p\u00fablico, <strong>o lixo gerado deve ser\u00a0levado embora<\/strong>, pois \u00e9 de responsabilidade de quem o produziu, e n\u00e3o pode\u00a0ser deixado no local, nem mesmo ensacado.<\/li>\n<\/ul>\n<p>Portanto, todas as festinhas privadas que forem realizadas nas pra\u00e7as do bairro e n\u00e3o seguirem as regras da Prefeitura e est\u00e3o sujeitas \u00e0 fiscaliza\u00e7\u00e3o, com aplica\u00e7\u00e3o de multa, quando denunciadas. E isso acontece, na pr\u00e1tica.<\/p>\n<p>S\u00f3 s\u00e3o permitidos nas pra\u00e7as eventos que sejam abertos \u00e0 comunidade, ou eventos de cunho cultural, em que todos sejam bem-vindos. Para realizar tais eventos \u00e9 necess\u00e1rio fazer um pedido formal \u00e0 Subprefeitura de Pinheiros com 30 dias de anteced\u00eancia. A Subprefeitura tem a prerrogativa de autorizar ou n\u00e3o qualquer evento. Filmagens comerciais tamb\u00e9m devem ser previamente autorizadas, precedidas de pedido na <a href=\"http:\/\/spcine.com.br\/spfilmcommission\/\">Spcine &#8211; Empresa de Cinema e Audiovisual de S\u00e3o Paulo<\/a>.<\/p>\n<p>Mais informa\u00e7\u00f5es, podem ser obtidas na SAAP ou na Subprefeitura de Pinheiros pelo telefone 3095-9522, ou pelo site, na p\u00e1gina da<a href=\"https:\/\/www.prefeitura.sp.gov.br\/cidade\/secretarias\/subprefeituras\/upload\/pinheiros\/Portarias%20-%20EVENTOS_doc.pdf\"><strong> Prefeitura de S\u00e3o Paulo<\/strong><\/a>.<\/p>\n<p>Seguem documentos para solicita\u00e7\u00e3o de autoriza\u00e7\u00e3o de eventos:<\/p>\n<p>Solicita\u00e7\u00e3o de Autoriza\u00e7\u00e3o para Eventos Tempor\u00e1rios *<strong>(<a href=\"http:\/\/saapgestao.com.br\/saapold\/wp-content\/uploads\/2023\/05\/Eventos-Formulario-1-1.Solicitacao-de-Autorizacao-para-Eventos-Temporarios.pdf\">Formul\u00e1rio n\u00ba1<\/a>)<\/strong>*<br \/>Declara\u00e7\u00e3o da Resolu\u00e7\u00e3o SMDU.CPPU-20-2015 *<strong>(<a href=\"http:\/\/saapgestao.com.br\/saapold\/wp-content\/uploads\/2023\/05\/Eventos-Fomulario-2.Declaracao-da-Resolucao-SMDU.CPPU-20-2015.pdf\">Formul\u00e1rio n\u00ba2<\/a>)<\/strong>*<br \/>Declara\u00e7\u00e3o de Danos *<strong>(<a href=\"http:\/\/saapgestao.com.br\/saapold\/wp-content\/uploads\/2023\/05\/Eventos-Formulario-3.Declaracao-de-Danos.pdf\">Formul\u00e1rio n\u00ba3<\/a>)<\/strong>*<br \/>Portaria preenchida na p\u00e1g. 3 e assinada na p\u00e1g. 5 *<strong>(<a href=\"http:\/\/saapgestao.com.br\/saapold\/wp-content\/uploads\/2023\/05\/Eventos-formulario-4.Portaria-No-16-SUB-PI.pdf\">Formul\u00e1rio n\u00ba4<\/a>)<\/strong>*<br \/>Cart\u00e3o CNPJ<br \/>Contrato\/Estatuto Social<br \/>RG, CPF ou CNH<br \/>Memorial Descritivo<br \/>Croqui<br \/>Comprovante de Endere\u00e7o<br \/>Certificado de Boas Pr\u00e1ticas e Manipula\u00e7\u00e3o de Alimentos (cada espa\u00e7o)<br \/>Protocolo CET<br \/>Autoriza\u00e7\u00e3o CET<br \/>Comprovante de Pagamento da taxa DAMSP de recebimento e an\u00e1lise de documenta\u00e7\u00e3o *<strong>(Ser\u00e1 enviado o Boleto ap\u00f3s o recebimento dos documentos acima)<\/strong>*<br \/>Ap\u00f3s a An\u00e1lise da documenta\u00e7\u00e3o emitiremos a guia da taxa *<strong>DAMSP de Alvar\u00e1 de Autoriza\u00e7\u00e3o<\/strong>*.<\/p>\n<p>\u00a0<\/p>\n\n\n<p><\/p>\n","protected":false},"excerpt":{"rendered":"<p>As festinhas infantis nas pra\u00e7as do bairro t\u00eam sido um assunto muito discutido na SAAP, pois temos recebido constantes reclama\u00e7\u00f5es sobre o uso abusivo das pra\u00e7as para a realiza\u00e7\u00e3o de eventos privados. Segue um resumo das determina\u00e7\u00f5es da Prefeitura sobre o espec\u00edfico de festinhas: Festas privadas fechadas n\u00e3o s\u00e3o permitidas nas pra\u00e7as \u2013 As pra\u00e7as [&hellip;]<\/p>\n","protected":false},"author":1,"featured_media":0,"parent":55,"menu_order":0,"comment_status":"closed","ping_status":"closed","template":"","meta":{"footnotes":""},"class_list":["post-4386","page","type-page","status-publish","hentry"],"_links":{"self":[{"href":"https:\/\/saapgestao.com.br\/saapold\/wp-json\/wp\/v2\/pages\/4386"}],"collection":[{"href":"https:\/\/saapgestao.com.br\/saapold\/wp-json\/wp\/v2\/pages"}],"about":[{"href":"https:\/\/saapgestao.com.br\/saapold\/wp-json\/wp\/v2\/types\/page"}],"author":[{"embeddable":true,"href":"https:\/\/saapgestao.com.br\/saapold\/wp-json\/wp\/v2\/users\/1"}],"replies":[{"embeddable":true,"href":"https:\/\/saapgestao.com.br\/saapold\/wp-json\/wp\/v2\/comments?post=4386"}],"version-history":[{"count":0,"href":"https:\/\/saapgestao.com.br\/saapold\/wp-json\/wp\/v2\/pages\/4386\/revisions"}],"up":[{"embeddable":true,"href":"https:\/\/saapgestao.com.br\/saapold\/wp-json\/wp\/v2\/pages\/55"}],"wp:attachment":[{"href":"https:\/\/saapgestao.com.br\/saapold\/wp-json\/wp\/v2\/media?parent=4386"}],"curies":[{"name":"wp","href":"https:\/\/api.w.org\/{rel}","templated":true}]}}

Festa em praça: O que pode?

<p>As festinhas infantis nas praças do bairro têm sido um assunto muito discutido na SAAP, pois temos recebido constantes reclamações sobre o uso abusivo das praças para a realização de eventos privados. Segue um resumo das determinações da Prefeitura sobre o específico de festinhas:</p>
<ul>
<li>Festas privadas fechadas não são permitidas nas praças – As praças são de responsabilidade da Subprefeitura de Pinheiros, são espaços públicos.</li>
<li>Caso se queira fazer alguma reunião privada de amigos ou crianças em uma praça, o evento deve se limitar a um piquenique, sem qualquer estrutura adicional à que já é oferecida pelo local. Não é permitido o uso de mesas, cadeiras, buffet e estruturas que obstruam os acessos.</li>
<li>Nenhuma parte das praças pode ser fechada. Toda a área deve ser mantida aberta e com circulação livre para todos, o tempo todo.</li>
<li>O uso de som eletrônico não é permitido.</li>
<li>Ao se fazer um piquenique, que é um evento apropriado para um espaço público, <strong>o lixo gerado deve ser levado embora</strong>, pois é de responsabilidade de quem o produziu, e não pode ser deixado no local, nem mesmo ensacado.</li>
</ul>
<p>Portanto, todas as festinhas privadas que forem realizadas nas praças do bairro e não seguirem as regras da Prefeitura e estão sujeitas à fiscalização, com aplicação de multa, quando denunciadas. E isso acontece, na prática.</p>
<p>Só são permitidos nas praças eventos que sejam abertos à comunidade, ou eventos de cunho cultural, em que todos sejam bem-vindos. Para realizar tais eventos é necessário fazer um pedido formal à Subprefeitura de Pinheiros com 30 dias de antecedência. A Subprefeitura tem a prerrogativa de autorizar ou não qualquer evento. Filmagens comerciais também devem ser previamente autorizadas, precedidas de pedido na <a href="http://spcine.com.br/spfilmcommission/">Spcine &#8211; Empresa de Cinema e Audiovisual de São Paulo</a>.</p>
<p>Mais informações, podem ser obtidas na SAAP ou na Subprefeitura de Pinheiros pelo telefone 3095-9522, ou pelo site, na página da<a href="https://www.prefeitura.sp.gov.br/cidade/secretarias/subprefeituras/upload/pinheiros/Portarias%20-%20EVENTOS_doc.pdf"><strong> Prefeitura de São Paulo</strong></a>.</p>
<p>Seguem documentos para solicitação de autorização de eventos:</p>
<p>Solicitação de Autorização para Eventos Temporários *<strong>(<a href="http://saapgestao.com.br/saapold/wp-content/uploads/2023/05/Eventos-Formulario-1-1.Solicitacao-de-Autorizacao-para-Eventos-Temporarios.pdf">Formulário nº1</a>)</strong>*<br />Declaração da Resolução SMDU.CPPU-20-2015 *<strong>(<a href="http://saapgestao.com.br/saapold/wp-content/uploads/2023/05/Eventos-Fomulario-2.Declaracao-da-Resolucao-SMDU.CPPU-20-2015.pdf">Formulário nº2</a>)</strong>*<br />Declaração de Danos *<strong>(<a href="http://saapgestao.com.br/saapold/wp-content/uploads/2023/05/Eventos-Formulario-3.Declaracao-de-Danos.pdf">Formulário nº3</a>)</strong>*<br />Portaria preenchida na pág. 3 e assinada na pág. 5 *<strong>(<a href="http://saapgestao.com.br/saapold/wp-content/uploads/2023/05/Eventos-formulario-4.Portaria-No-16-SUB-PI.pdf">Formulário nº4</a>)</strong>*<br />Cartão CNPJ<br />Contrato/Estatuto Social<br />RG, CPF ou CNH<br />Memorial Descritivo<br />Croqui<br />Comprovante de Endereço<br />Certificado de Boas Práticas e Manipulação de Alimentos (cada espaço)<br />Protocolo CET<br />Autorização CET<br />Comprovante de Pagamento da taxa DAMSP de recebimento e análise de documentação *<strong>(Será enviado o Boleto após o recebimento dos documentos acima)</strong>*<br />Após a Análise da documentação emitiremos a guia da taxa *<strong>DAMSP de Alvará de Autorização</strong>*.</p>
<p> </p>


<p></p>

<p>As festinhas infantis nas praças do bairro têm sido um assunto muito discutido na SAAP, pois temos recebido constantes reclamações sobre o uso abusivo das praças para a realização de eventos privados. Segue um resumo das determinações da Prefeitura sobre o específico de festinhas: Festas privadas fechadas não são permitidas nas praças – As praças [&hellip;]</p>
