
{"id":4410,"date":"2017-05-03T15:13:26","date_gmt":"2017-05-03T18:13:26","guid":{"rendered":"http:\/\/localhost\/saap\/?page_id=4410"},"modified":"2017-10-02T13:23:53","modified_gmt":"2017-10-02T16:23:53","slug":"fotos-antigas-do-bairro","status":"publish","type":"page","link":"https:\/\/saapgestao.com.br\/saapold\/participe\/fotos-antigas-do-bairro\/","title":{"rendered":"Fotos antigas do bairro"},"content":{"rendered":"<p><img fetchpriority=\"high\" decoding=\"async\" class=\"img-left pull-left alignnone wp-image-4622 size-full\" src=\"http:\/\/saapgestao.com.br\/saapold\/wp-content\/uploads\/2017\/05\/5_4fotosantigas.png\" alt=\"\" width=\"261\" height=\"442\" srcset=\"https:\/\/saapgestao.com.br\/saapold\/wp-content\/uploads\/2017\/05\/5_4fotosantigas.png 261w, https:\/\/saapgestao.com.br\/saapold\/wp-content\/uploads\/2017\/05\/5_4fotosantigas-177x300.png 177w\" sizes=\"(max-width: 261px) 100vw, 261px\" \/>A SAAP comemora 40 anos em 2017, e dar\u00e1 um presente aos moradores de Alto dos Pinheiros: um livro com a hist\u00f3ria e as hist\u00f3rias de nosso bairro desde os prim\u00f3rdios, no s\u00e9culo 19, at\u00e9 hoje. Mas, para a obra ficar t\u00e3o boa quanto merece, precisamos da ajuda de voc\u00eas.<\/p>\n<p>O que pedimos \u00e9 que compartilhe conosco imagens antigas, para que possamos abordar os fatos e os causos da regi\u00e3o n\u00e3o s\u00f3 com textos, mas tamb\u00e9m com imagens \u2013 de cal\u00e7adas, fachadas de resid\u00eancias ou de im\u00f3veis comerciais, lojas tradicionais, clubes, escolas, ruas, pra\u00e7as, parques\u2026 Esses locais podem ser o motivo central da foto ou apenas o pano de fundo.<\/p>\n<p>Quem tiver fotografias pode entrar em contato com a SAAP pelo e-mail <a href=\"https:\/\/owa1.redehost.com.br\/owa\/redir.aspx?REF=ynbhv-nsj8yQe2Z1VkdKFxe5teH8RIneg2b7BDMjDTUY79hl2j_UCAFtYWlsdG86c2FhcEBzYWFwLmNvbS5icg..\"><strong>saap@saap.com.br<\/strong><\/a>, a fim de que possamos busc\u00e1-las para digitalizar e, depois, devolv\u00ea-las. Todos os colaboradores ter\u00e3o cr\u00e9dito pela cess\u00e3o das fotos.<\/p>\n","protected":false},"excerpt":{"rendered":"<p>A SAAP comemora 40 anos em 2017, e dar\u00e1 um presente aos moradores de Alto dos Pinheiros: um livro com a hist\u00f3ria e as hist\u00f3rias de nosso bairro desde os prim\u00f3rdios, no s\u00e9culo 19, at\u00e9 hoje. Mas, para a obra ficar t\u00e3o boa quanto merece, precisamos da ajuda de voc\u00eas. O que pedimos \u00e9 que [&hellip;]<\/p>\n","protected":false},"author":1,"featured_media":0,"parent":4392,"menu_order":0,"comment_status":"closed","ping_status":"closed","template":"","meta":{"footnotes":""},"class_list":["post-4410","page","type-page","status-publish","hentry"],"_links":{"self":[{"href":"https:\/\/saapgestao.com.br\/saapold\/wp-json\/wp\/v2\/pages\/4410"}],"collection":[{"href":"https:\/\/saapgestao.com.br\/saapold\/wp-json\/wp\/v2\/pages"}],"about":[{"href":"https:\/\/saapgestao.com.br\/saapold\/wp-json\/wp\/v2\/types\/page"}],"author":[{"embeddable":true,"href":"https:\/\/saapgestao.com.br\/saapold\/wp-json\/wp\/v2\/users\/1"}],"replies":[{"embeddable":true,"href":"https:\/\/saapgestao.com.br\/saapold\/wp-json\/wp\/v2\/comments?post=4410"}],"version-history":[{"count":0,"href":"https:\/\/saapgestao.com.br\/saapold\/wp-json\/wp\/v2\/pages\/4410\/revisions"}],"up":[{"embeddable":true,"href":"https:\/\/saapgestao.com.br\/saapold\/wp-json\/wp\/v2\/pages\/4392"}],"wp:attachment":[{"href":"https:\/\/saapgestao.com.br\/saapold\/wp-json\/wp\/v2\/media?parent=4410"}],"curies":[{"name":"wp","href":"https:\/\/api.w.org\/{rel}","templated":true}]}}