
{"id":4412,"date":"2017-05-03T15:14:24","date_gmt":"2017-05-03T18:14:24","guid":{"rendered":"http:\/\/localhost\/saap\/?page_id=4412"},"modified":"2020-09-09T10:16:02","modified_gmt":"2020-09-09T13:16:02","slug":"participacao-comunitaria","status":"publish","type":"page","link":"https:\/\/saapgestao.com.br\/saapold\/participe\/participacao-comunitaria\/","title":{"rendered":"Participa\u00e7\u00e3o comunit\u00e1ria"},"content":{"rendered":"<p><strong>Conseg-Pi \u2013 Conselho Comunit\u00e1rio de Seguran\u00e7a<br \/>\n<\/strong>As reuni\u00f5es acontecem sempre na\u00a0primeira segunda-feira de cada m\u00eas, na sede da Associa\u00e7\u00e3o Comercial de Pinheiros.<br \/>\nRua Sim\u00e3o \u00c1lvares, 517 &#8211; Tel: (11) 3031-1890<br \/>\nPresidente:\u00a0Sra. Ivana Queiroz<\/p>\n<p>&nbsp;<\/p>\n<p><strong>Cades-PI \u2013 Conselho Regional de Meio Ambiente, Desenvolvimento Sustent\u00e1vel e Cultura de Paz<br \/>\n<\/strong>As reuni\u00f5es acontecem sempre na segunda quarta-feira de cada m\u00eas, na Prefeitura Regional de Pinheiros.<br \/>\nAv. das Na\u00e7\u00f5es Unidas, 7.123 (entrada pela Av. Frederico Herman Jr.)<br \/>\nTel: (11) 3095-9595 \/ 3819-0550<\/p>\n","protected":false},"excerpt":{"rendered":"<p>Conseg-Pi \u2013 Conselho Comunit\u00e1rio de Seguran\u00e7a As reuni\u00f5es acontecem sempre na\u00a0primeira segunda-feira de cada m\u00eas, na sede da Associa\u00e7\u00e3o Comercial de Pinheiros. Rua Sim\u00e3o \u00c1lvares, 517 &#8211; Tel: (11) 3031-1890 Presidente:\u00a0Sra. Ivana Queiroz &nbsp; Cades-PI \u2013 Conselho Regional de Meio Ambiente, Desenvolvimento Sustent\u00e1vel e Cultura de Paz As reuni\u00f5es acontecem sempre na segunda quarta-feira de [&hellip;]<\/p>\n","protected":false},"author":1,"featured_media":0,"parent":4392,"menu_order":0,"comment_status":"closed","ping_status":"closed","template":"","meta":{"footnotes":""},"class_list":["post-4412","page","type-page","status-publish","hentry"],"_links":{"self":[{"href":"https:\/\/saapgestao.com.br\/saapold\/wp-json\/wp\/v2\/pages\/4412"}],"collection":[{"href":"https:\/\/saapgestao.com.br\/saapold\/wp-json\/wp\/v2\/pages"}],"about":[{"href":"https:\/\/saapgestao.com.br\/saapold\/wp-json\/wp\/v2\/types\/page"}],"author":[{"embeddable":true,"href":"https:\/\/saapgestao.com.br\/saapold\/wp-json\/wp\/v2\/users\/1"}],"replies":[{"embeddable":true,"href":"https:\/\/saapgestao.com.br\/saapold\/wp-json\/wp\/v2\/comments?post=4412"}],"version-history":[{"count":0,"href":"https:\/\/saapgestao.com.br\/saapold\/wp-json\/wp\/v2\/pages\/4412\/revisions"}],"up":[{"embeddable":true,"href":"https:\/\/saapgestao.com.br\/saapold\/wp-json\/wp\/v2\/pages\/4392"}],"wp:attachment":[{"href":"https:\/\/saapgestao.com.br\/saapold\/wp-json\/wp\/v2\/media?parent=4412"}],"curies":[{"name":"wp","href":"https:\/\/api.w.org\/{rel}","templated":true}]}}