
{"id":4424,"date":"2017-05-03T15:18:41","date_gmt":"2017-05-03T18:18:41","guid":{"rendered":"http:\/\/localhost\/saap\/?page_id=4424"},"modified":"2019-04-26T17:55:19","modified_gmt":"2019-04-26T20:55:19","slug":"contato","status":"publish","type":"page","link":"https:\/\/saapgestao.com.br\/saapold\/contato\/","title":{"rendered":"Contato"},"content":{"rendered":"<p><iframe class=\"endgoogle\" style=\"border: 0;\" src=\"https:\/\/www.google.com\/maps\/embed?pb=!1m18!1m12!1m3!1d3657.1039035557483!2d-46.6933865855784!3d-23.564711484681244!2m3!1f0!2f0!3f0!3m2!1i1024!2i768!4f13.1!3m3!1m2!1s0x94ce57a1c78f7747%3A0x7f348a4bcc0198f!2sAv.+Pedroso+de+Morais%2C+631+-+Pinheiros%2C+S%C3%A3o+Paulo+-+SP!5e0!3m2!1spt-BR!2sbr!4v1497008232694\" width=\"100%\" height=\"250\" frameborder=\"0\" allowfullscreen=\"allowfullscreen\"><\/iframe><\/p>\n<p>Av. Pedroso de Morais, 631, conj. 16 \u00a0&#8211; 05419-905 &#8211; S\u00e3o Paulo, SP &#8211; (11) 3814-9206<\/p>\n<p><strong>Atendimento:<\/strong><br \/>\nDas 9h \u00e0s 13h e das 14h \u00e0s 17h<br \/>\nE-mail <a href=\"mailto:saap@saapgestao.com.br\">saap@saapgestao.com.br<br \/>\n<\/a>WhatsApp (11) 97169-0954<\/p>\n","protected":false},"excerpt":{"rendered":"<p>Av. Pedroso de Morais, 631, conj. 16 \u00a0&#8211; 05419-905 &#8211; S\u00e3o Paulo, SP &#8211; (11) 3814-9206 Atendimento: Das 9h \u00e0s 13h e das 14h \u00e0s 17h E-mail saap@saapgestao.com.br WhatsApp (11) 97169-0954<\/p>\n","protected":false},"author":1,"featured_media":0,"parent":0,"menu_order":0,"comment_status":"closed","ping_status":"closed","template":"","meta":{"footnotes":""},"class_list":["post-4424","page","type-page","status-publish","hentry"],"_links":{"self":[{"href":"https:\/\/saapgestao.com.br\/saapold\/wp-json\/wp\/v2\/pages\/4424"}],"collection":[{"href":"https:\/\/saapgestao.com.br\/saapold\/wp-json\/wp\/v2\/pages"}],"about":[{"href":"https:\/\/saapgestao.com.br\/saapold\/wp-json\/wp\/v2\/types\/page"}],"author":[{"embeddable":true,"href":"https:\/\/saapgestao.com.br\/saapold\/wp-json\/wp\/v2\/users\/1"}],"replies":[{"embeddable":true,"href":"https:\/\/saapgestao.com.br\/saapold\/wp-json\/wp\/v2\/comments?post=4424"}],"version-history":[{"count":0,"href":"https:\/\/saapgestao.com.br\/saapold\/wp-json\/wp\/v2\/pages\/4424\/revisions"}],"wp:attachment":[{"href":"https:\/\/saapgestao.com.br\/saapold\/wp-json\/wp\/v2\/media?parent=4424"}],"curies":[{"name":"wp","href":"https:\/\/api.w.org\/{rel}","templated":true}]}}