
{"id":4544,"date":"2017-09-19T15:03:49","date_gmt":"2017-09-19T18:03:49","guid":{"rendered":"https:\/\/saapgestao.com.br\/saapold\/?page_id=4544"},"modified":"2019-04-12T14:08:43","modified_gmt":"2019-04-12T17:08:43","slug":"seguranca","status":"publish","type":"page","link":"https:\/\/saapgestao.com.br\/saapold\/seguranca\/","title":{"rendered":"Seguran\u00e7a"},"content":{"rendered":"<p>Alto de Pinheiros \u00e9 um bairro seguro segundo os padr\u00f5es e indicadores da Secret\u00e1ria de Seguran\u00e7a P\u00fablica do Estado de S\u00e3o Paulo. Mas tamb\u00e9m \u00e9 uma das maiores preocupa\u00e7\u00f5es dos moradores, assim a SAAP trabalha continuamente em a\u00e7\u00f5es para contribuir com a melhoria da seguran\u00e7a no bairro.\u00a0 Convidamos voc\u00ea a fazer parte destes esfor\u00e7os.<\/p>\n<p>&nbsp;<\/p>\n<p>A sua participa\u00e7\u00e3o e contribui\u00e7\u00e3o<span style=\"text-decoration: line-through;\">,<\/span> em a\u00e7\u00f5es coordenadas entre moradores, a SAAP e as Pol\u00edcias, \u00e9 fundamental para conseguirmos tornar nosso bairro mais seguro. Conhe\u00e7a nossas a\u00e7\u00f5es:<\/p>\n<p>Veja nossas a\u00e7\u00f5es:<\/p>\n<p><a href=\"https:\/\/saapgestao.com.br\/saapold\/projetos\/cameras-comunitarias\/\">&#8211; C\u00e2meras comunit\u00e1rias de leitura autom\u00e1tica de placas<br \/>\n<\/a><a href=\"https:\/\/saapgestao.com.br\/saapold\/projetos\/palestras-de-seguranca\/\">&#8211; Palestras de Seguran\u00e7a<br \/>\n<\/a><a href=\"https:\/\/saapgestao.com.br\/saapold\/participe\/implante-o-programa-vizinhanca-solidaria-na-sua-rua\/\">&#8211; Programa Vizinhan\u00e7a Solid\u00e1ria<\/a><\/p>\n<p>&#8211; <a href=\"https:\/\/saapgestao.com.br\/saapold\/vigia-de-rua-duvidas\/\">Vigias de Ruas<\/a><\/p>\n","protected":false},"excerpt":{"rendered":"<p>Alto de Pinheiros \u00e9 um bairro seguro segundo os padr\u00f5es e indicadores da Secret\u00e1ria de Seguran\u00e7a P\u00fablica do Estado de S\u00e3o Paulo. Mas tamb\u00e9m \u00e9 uma das maiores preocupa\u00e7\u00f5es dos moradores, assim a SAAP trabalha continuamente em a\u00e7\u00f5es para contribuir com a melhoria da seguran\u00e7a no bairro.\u00a0 Convidamos voc\u00ea a fazer parte destes esfor\u00e7os. &nbsp; [&hellip;]<\/p>\n","protected":false},"author":1,"featured_media":0,"parent":0,"menu_order":0,"comment_status":"closed","ping_status":"open","template":"","meta":{"footnotes":""},"class_list":["post-4544","page","type-page","status-publish","hentry"],"_links":{"self":[{"href":"https:\/\/saapgestao.com.br\/saapold\/wp-json\/wp\/v2\/pages\/4544"}],"collection":[{"href":"https:\/\/saapgestao.com.br\/saapold\/wp-json\/wp\/v2\/pages"}],"about":[{"href":"https:\/\/saapgestao.com.br\/saapold\/wp-json\/wp\/v2\/types\/page"}],"author":[{"embeddable":true,"href":"https:\/\/saapgestao.com.br\/saapold\/wp-json\/wp\/v2\/users\/1"}],"replies":[{"embeddable":true,"href":"https:\/\/saapgestao.com.br\/saapold\/wp-json\/wp\/v2\/comments?post=4544"}],"version-history":[{"count":0,"href":"https:\/\/saapgestao.com.br\/saapold\/wp-json\/wp\/v2\/pages\/4544\/revisions"}],"wp:attachment":[{"href":"https:\/\/saapgestao.com.br\/saapold\/wp-json\/wp\/v2\/media?parent=4544"}],"curies":[{"name":"wp","href":"https:\/\/api.w.org\/{rel}","templated":true}]}}