
{"id":5224,"date":"2018-11-28T10:15:14","date_gmt":"2018-11-28T12:15:14","guid":{"rendered":"https:\/\/saapgestao.com.br\/saapold\/?page_id=5224"},"modified":"2019-05-07T11:46:35","modified_gmt":"2019-05-07T14:46:35","slug":"livro-sobre-alto-dos-pinheiros","status":"publish","type":"page","link":"https:\/\/saapgestao.com.br\/saapold\/nosso-bairro\/livro-sobre-alto-dos-pinheiros\/","title":{"rendered":"Livro sobre Alto dos Pinheiros"},"content":{"rendered":"<p>\u00c9 com muito orgulho que publicamos\u00a0em 2018 o livro \u201c<a href=\"http:\/\/saapgestao.com.br\/saapold\/wp-content\/uploads\/2018\/11\/Alto-dos-Pinheiros-hist\u00f3ria-e-hist\u00f3rias.pdf\">Alto dos Pinheiros hist\u00f3ria e hist\u00f3rias<\/a>\u201d, lan\u00e7ado em comemora\u00e7\u00e3o dos 40 anos da SAAP.<\/p>\n<p>A obra remonta ao s\u00e9culo XVI para contar como um peda\u00e7o de terra in\u00f3spito se tornou um dos melhores bairros de S\u00e3o Paulo. Al\u00e9m de mostrar as origens e o desenvolvimento de Alto dos Pinheiros, o livro abre espa\u00e7o para as mem\u00f3rias daqueles que testemunharam a transforma\u00e7\u00e3o do lugar. S\u00e3o pessoas, que chegaram antes do asfalto, da ilumina\u00e7\u00e3o p\u00fablica e da \u00e1gua encanada.<\/p>\n<p>O livro tamb\u00e9m traz a hist\u00f3ria da SAAP, e nos relatos de seus fundadores nos fazem ver que toda sua trajet\u00f3ria \u00e9 de comprometimento, luta, desafios e coragem de manter este nosso querido bairro Alto dos Pinheiros unido, lindo, arborizado, tranquilo e resistente.<\/p>\n<p>E se chegamos aos 40 anos de vida \u00e9 porque tivemos e temos dois elementos fundamentais para tornar a SAAP uma entidade atuante e respeitada: o apoio e a uni\u00e3o de quem vive em Alto dos Pinheiros. Gra\u00e7as a fidelidade dos moradores, que s\u00e3o nossos associados e possibilitam que o nosso trabalho seja feito a contento pelos nossos inestim\u00e1veis volunt\u00e1rios.<\/p>\n<p>Entre em contato com a SAAP para adquirir seu exemplar! Temos certeza de que voc\u00ea ir\u00e1 gostar dessa obra,\u00a0que foi feita com todo o cuidado e carinho que voc\u00ea e nosso bairro merecem!<\/p>\n","protected":false},"excerpt":{"rendered":"<p>\u00c9 com muito orgulho que publicamos\u00a0em 2018 o livro \u201cAlto dos Pinheiros hist\u00f3ria e hist\u00f3rias\u201d, lan\u00e7ado em comemora\u00e7\u00e3o dos 40 anos da SAAP. A obra remonta ao s\u00e9culo XVI para contar como um peda\u00e7o de terra in\u00f3spito se tornou um dos melhores bairros de S\u00e3o Paulo. Al\u00e9m de mostrar as origens e o desenvolvimento de [&hellip;]<\/p>\n","protected":false},"author":9,"featured_media":0,"parent":27,"menu_order":0,"comment_status":"closed","ping_status":"closed","template":"","meta":{"footnotes":""},"class_list":["post-5224","page","type-page","status-publish","hentry"],"_links":{"self":[{"href":"https:\/\/saapgestao.com.br\/saapold\/wp-json\/wp\/v2\/pages\/5224"}],"collection":[{"href":"https:\/\/saapgestao.com.br\/saapold\/wp-json\/wp\/v2\/pages"}],"about":[{"href":"https:\/\/saapgestao.com.br\/saapold\/wp-json\/wp\/v2\/types\/page"}],"author":[{"embeddable":true,"href":"https:\/\/saapgestao.com.br\/saapold\/wp-json\/wp\/v2\/users\/9"}],"replies":[{"embeddable":true,"href":"https:\/\/saapgestao.com.br\/saapold\/wp-json\/wp\/v2\/comments?post=5224"}],"version-history":[{"count":0,"href":"https:\/\/saapgestao.com.br\/saapold\/wp-json\/wp\/v2\/pages\/5224\/revisions"}],"up":[{"embeddable":true,"href":"https:\/\/saapgestao.com.br\/saapold\/wp-json\/wp\/v2\/pages\/27"}],"wp:attachment":[{"href":"https:\/\/saapgestao.com.br\/saapold\/wp-json\/wp\/v2\/media?parent=5224"}],"curies":[{"name":"wp","href":"https:\/\/api.w.org\/{rel}","templated":true}]}}