
{"id":55,"date":"2017-02-21T12:24:47","date_gmt":"2017-02-21T15:24:47","guid":{"rendered":"http:\/\/localhost\/saap\/?page_id=55"},"modified":"2023-03-24T16:36:59","modified_gmt":"2023-03-24T19:36:59","slug":"utilidades","status":"publish","type":"page","link":"https:\/\/saapgestao.com.br\/saapold\/utilidades\/","title":{"rendered":"Utilidades"},"content":{"rendered":"<p>Confira aqui informa\u00e7\u00f5es \u00fateis para o seu dia-a-dia:<\/p>\n<p><a href=\"https:\/\/saapgestao.com.br\/saapold\/utilidades\/telefones-uteis\/\">&#8211; \u00a0Telefone \u00fateis:<\/a> telefones de servi\u00e7os p\u00fablicos<br \/>\n<a href=\"https:\/\/saapgestao.com.br\/saapold\/utilidades\/calcadas-verdes\/\">&#8211; Cal\u00e7adas verdes:<\/a> conhe\u00e7a as recomenda\u00e7\u00f5es para manuten\u00e7\u00e3o de sua cal\u00e7ada verde. Lembre-se, a cal\u00e7ada \u00e9 de responsabilidade do moradores e se irregular, \u00e9 pass\u00edvel de multa.<br \/>\n<a href=\"https:\/\/saapgestao.com.br\/saapold\/utilidades\/como-fazer-uma-denuncia\/\">&#8211; Como fazer uma den\u00fancia:<\/a> o que denunciar e como.<br \/>\n<a href=\"https:\/\/saapgestao.com.br\/saapold\/utilidades\/descarte-de-lixo\/\">&#8211; Descarte de lixo:<\/a> orienta\u00e7\u00f5es de como descarta seu lixo.<br \/>\n<a href=\"https:\/\/saapgestao.com.br\/saapold\/utilidades\/dicas-de-seguranca\/\">&#8211; Dicas de seguran\u00e7a:<\/a> suas atitudes em rela\u00e7\u00e3o a seguran\u00e7a contribuem para uma bairro mais seguro.<br \/>\n<a href=\"https:\/\/saapgestao.com.br\/saapold\/utilidades\/festa-em-praca-o-que-pode\/\">&#8211; Festa em pra\u00e7a:<\/a> veja o que pode e n\u00e3o pode fazer.<\/p>\n<p><a href=\"http:\/\/saapgestao.com.br\/saapold\/wp-content\/uploads\/2023\/03\/Manual-da-SAAP-final.pdf\">&#8211; Manual do Morador:<\/a> veja dicas \u00fateis do nosso bairro .<\/p>\n<p>&#8211;<\/p>\n","protected":false},"excerpt":{"rendered":"<p>Confira aqui informa\u00e7\u00f5es \u00fateis para o seu dia-a-dia: &#8211; \u00a0Telefone \u00fateis: telefones de servi\u00e7os p\u00fablicos &#8211; Cal\u00e7adas verdes: conhe\u00e7a as recomenda\u00e7\u00f5es para manuten\u00e7\u00e3o de sua cal\u00e7ada verde. Lembre-se, a cal\u00e7ada \u00e9 de responsabilidade do moradores e se irregular, \u00e9 pass\u00edvel de multa. &#8211; Como fazer uma den\u00fancia: o que denunciar e como. &#8211; Descarte de [&hellip;]<\/p>\n","protected":false},"author":1,"featured_media":0,"parent":0,"menu_order":0,"comment_status":"closed","ping_status":"closed","template":"","meta":{"footnotes":""},"class_list":["post-55","page","type-page","status-publish","hentry"],"_links":{"self":[{"href":"https:\/\/saapgestao.com.br\/saapold\/wp-json\/wp\/v2\/pages\/55"}],"collection":[{"href":"https:\/\/saapgestao.com.br\/saapold\/wp-json\/wp\/v2\/pages"}],"about":[{"href":"https:\/\/saapgestao.com.br\/saapold\/wp-json\/wp\/v2\/types\/page"}],"author":[{"embeddable":true,"href":"https:\/\/saapgestao.com.br\/saapold\/wp-json\/wp\/v2\/users\/1"}],"replies":[{"embeddable":true,"href":"https:\/\/saapgestao.com.br\/saapold\/wp-json\/wp\/v2\/comments?post=55"}],"version-history":[{"count":0,"href":"https:\/\/saapgestao.com.br\/saapold\/wp-json\/wp\/v2\/pages\/55\/revisions"}],"wp:attachment":[{"href":"https:\/\/saapgestao.com.br\/saapold\/wp-json\/wp\/v2\/media?parent=55"}],"curies":[{"name":"wp","href":"https:\/\/api.w.org\/{rel}","templated":true}]}}