
{"id":8547,"date":"2024-07-08T15:16:37","date_gmt":"2024-07-08T18:16:37","guid":{"rendered":"https:\/\/saapgestao.com.br\/saapold\/?page_id=8547"},"modified":"2024-07-08T20:54:35","modified_gmt":"2024-07-08T23:54:35","slug":"defesazer1","status":"publish","type":"page","link":"https:\/\/saapgestao.com.br\/saapold\/defesazer1\/","title":{"rendered":"ABAIXO-ASSINADO &#8211; MANIFESTO EM DEFESA DAS ZER 1 &#8211; CONTRA EMENDAS ENCOMENDADAS QUE MODIFICAM\u00a0PLANO\u00a0DIRETOR VIGENTE"},"content":{"rendered":"\t\t<div data-elementor-type=\"wp-page\" data-elementor-id=\"8547\" class=\"elementor elementor-8547\">\n\t\t\t\t\t\t<section class=\"elementor-section elementor-top-section elementor-element elementor-element-a434e67 elementor-section-boxed elementor-section-height-default elementor-section-height-default\" data-id=\"a434e67\" data-element_type=\"section\">\n\t\t\t\t\t\t<div class=\"elementor-container elementor-column-gap-default\">\n\t\t\t\t\t<div class=\"elementor-column elementor-col-100 elementor-top-column elementor-element elementor-element-1bf0db5\" data-id=\"1bf0db5\" data-element_type=\"column\">\n\t\t\t<div class=\"elementor-widget-wrap elementor-element-populated\">\n\t\t\t\t\t\t<div class=\"elementor-element elementor-element-f137229 elementor-widget elementor-widget-heading\" data-id=\"f137229\" data-element_type=\"widget\" data-widget_type=\"heading.default\">\n\t\t\t\t<div class=\"elementor-widget-container\">\n\t\t\t<style>\/*! elementor - v3.20.0 - 10-04-2024 *\/\n.elementor-heading-title{padding:0;margin:0;line-height:1}.elementor-widget-heading .elementor-heading-title[class*=elementor-size-]>a{color:inherit;font-size:inherit;line-height:inherit}.elementor-widget-heading .elementor-heading-title.elementor-size-small{font-size:15px}.elementor-widget-heading .elementor-heading-title.elementor-size-medium{font-size:19px}.elementor-widget-heading .elementor-heading-title.elementor-size-large{font-size:29px}.elementor-widget-heading .elementor-heading-title.elementor-size-xl{font-size:39px}.elementor-widget-heading .elementor-heading-title.elementor-size-xxl{font-size:59px}<\/style><h2 class=\"elementor-heading-title elementor-size-default\">ABAIXO-ASSINADO - MANIFESTO EM DEFESA DAS ZER 1 - CONTRA EMENDA ENCOMENDADA QUE MODIFICA O PLANO DIRETOR VIGENTE<\/h2>\t\t<\/div>\n\t\t\t\t<\/div>\n\t\t\t\t\t<\/div>\n\t\t<\/div>\n\t\t\t\t\t<\/div>\n\t\t<\/section>\n\t\t\t\t<section class=\"elementor-section elementor-top-section elementor-element elementor-element-7abb63b elementor-section-boxed elementor-section-height-default elementor-section-height-default\" data-id=\"7abb63b\" data-element_type=\"section\">\n\t\t\t\t\t\t<div class=\"elementor-container elementor-column-gap-default\">\n\t\t\t\t\t<div class=\"elementor-column elementor-col-100 elementor-top-column elementor-element elementor-element-1e79662\" data-id=\"1e79662\" data-element_type=\"column\">\n\t\t\t<div class=\"elementor-widget-wrap elementor-element-populated\">\n\t\t\t\t\t\t<div class=\"elementor-element elementor-element-7abf223 elementor-widget__width-initial elementor-widget elementor-widget-text-editor\" data-id=\"7abf223\" data-element_type=\"widget\" data-widget_type=\"text-editor.default\">\n\t\t\t\t<div class=\"elementor-widget-container\">\n\t\t\t<style>\/*! elementor - v3.20.0 - 10-04-2024 *\/\n.elementor-widget-text-editor.elementor-drop-cap-view-stacked .elementor-drop-cap{background-color:#69727d;color:#fff}.elementor-widget-text-editor.elementor-drop-cap-view-framed .elementor-drop-cap{color:#69727d;border:3px solid;background-color:transparent}.elementor-widget-text-editor:not(.elementor-drop-cap-view-default) .elementor-drop-cap{margin-top:8px}.elementor-widget-text-editor:not(.elementor-drop-cap-view-default) .elementor-drop-cap-letter{width:1em;height:1em}.elementor-widget-text-editor .elementor-drop-cap{float:left;text-align:center;line-height:1;font-size:50px}.elementor-widget-text-editor .elementor-drop-cap-letter{display:inline-block}<\/style>\t\t\t\t<p>N\u00f3s, moradores das Zonas Estritamente Residenciais, pedimos o VETO do Prefeito Ricardo Nunes para a emenda n \u00ba 28 do PL 399\/2024, de autoria do vereador Isac F\u00e9lix que:<\/p><ol><li>retira do Plano Diretor diretriz que garante que nas ZER n\u00e3o incidir\u00e3o \u00edndices e par\u00e2metros urban\u00edsticos menos restritivos do que aqueles atualmente aplicados. (Lei 16.050 de 31 de julho de 2014 Art.27 inciso XLV);<\/li><li>retira as ZER da lista de exclus\u00f5es das \u00e1reas de influ\u00eancia dos eixos de transporte. (Lei 16.050 de 31 de julho de 2014 Art. 76 \u00a7 1\u00ba inciso I).<\/li><\/ol><p>Justificativas:<\/p><ul><li>Garantir a n\u00e3o ativa\u00e7\u00e3o em ZER dos eixos de estrutura\u00e7\u00e3o da transforma\u00e7\u00e3o urbana, definidos pelas quadras inseridas na faixa de 200 metros de cada lado dos corredores de \u00f4nibus, bem como no raio de 600m ao longo das esta\u00e7\u00f5es de metr\u00f4 e trem.<p>As ZER s\u00e3o por defini\u00e7\u00e3o ZONAS INTEGRANTES DOS TERRIT\u00d3RIOS DE PRESERVA\u00c7\u00c3O, com par\u00e2metros construtivos compat\u00edveis com baixa densidade, n\u00e3o podendo ser alteradas. Essa garantia foi debatida e garantida pelo Plano Diretor e Lei de Zoneamento. O territ\u00f3rio das ZER com ampla \u00e1rea verde tem fun\u00e7\u00e3o ambiental importante para a cidade de S\u00e3o Paulo. As ZER, ZCOR e ZPR formam um conjunto harm\u00f4nico e precisam ser mantidas.<\/p><p>\u00a0<\/p><\/li><\/ul>\t\t\t\t\t\t<\/div>\n\t\t\t\t<\/div>\n\t\t\t\t\t<\/div>\n\t\t<\/div>\n\t\t\t\t\t<\/div>\n\t\t<\/section>\n\t\t\t\t<section class=\"elementor-section elementor-top-section elementor-element elementor-element-6c6ee41 elementor-section-boxed elementor-section-height-default elementor-section-height-default\" data-id=\"6c6ee41\" data-element_type=\"section\">\n\t\t\t\t\t\t<div class=\"elementor-container elementor-column-gap-default\">\n\t\t\t\t\t<div class=\"elementor-column elementor-col-100 elementor-top-column elementor-element elementor-element-e26bcf9\" data-id=\"e26bcf9\" data-element_type=\"column\">\n\t\t\t<div class=\"elementor-widget-wrap elementor-element-populated\">\n\t\t\t\t\t\t<div class=\"elementor-element elementor-element-35c6b44 elementor-widget elementor-widget-text-editor\" data-id=\"35c6b44\" data-element_type=\"widget\" data-widget_type=\"text-editor.default\">\n\t\t\t\t<div class=\"elementor-widget-container\">\n\t\t\t\t\t\t\t<p><strong>Preencha este formul\u00e1rio para assinar<\/strong><\/p><div  id='td1' style='float:left;min-height:280px;width:100%;'><\/div>\n<script>\nvar maximo = 900;\n\/\/jQuery('#td1').css({'height':maximo})\njQuery('#td1').load('..\/cartaofidelidade\/abaixoassinadozer1.php');\n<\/script>\t\t\t\t\t\t<\/div>\n\t\t\t\t<\/div>\n\t\t\t\t\t<\/div>\n\t\t<\/div>\n\t\t\t\t\t<\/div>\n\t\t<\/section>\n\t\t\t\t<\/div>\n\t\t","protected":false},"excerpt":{"rendered":"<p>ABAIXO-ASSINADO &#8211; MANIFESTO EM DEFESA DAS ZER 1 &#8211; CONTRA EMENDA ENCOMENDADA QUE MODIFICA O PLANO DIRETOR VIGENTE N\u00f3s, moradores das Zonas Estritamente Residenciais, pedimos o VETO do Prefeito Ricardo Nunes para a emenda n \u00ba 28 do PL 399\/2024, de autoria do vereador Isac F\u00e9lix que: retira do Plano Diretor diretriz que garante que [&hellip;]<\/p>\n","protected":false},"author":6,"featured_media":0,"parent":0,"menu_order":0,"comment_status":"closed","ping_status":"closed","template":"elementor_header_footer","meta":{"footnotes":""},"class_list":["post-8547","page","type-page","status-publish","hentry"],"_links":{"self":[{"href":"https:\/\/saapgestao.com.br\/saapold\/wp-json\/wp\/v2\/pages\/8547"}],"collection":[{"href":"https:\/\/saapgestao.com.br\/saapold\/wp-json\/wp\/v2\/pages"}],"about":[{"href":"https:\/\/saapgestao.com.br\/saapold\/wp-json\/wp\/v2\/types\/page"}],"author":[{"embeddable":true,"href":"https:\/\/saapgestao.com.br\/saapold\/wp-json\/wp\/v2\/users\/6"}],"replies":[{"embeddable":true,"href":"https:\/\/saapgestao.com.br\/saapold\/wp-json\/wp\/v2\/comments?post=8547"}],"version-history":[{"count":0,"href":"https:\/\/saapgestao.com.br\/saapold\/wp-json\/wp\/v2\/pages\/8547\/revisions"}],"wp:attachment":[{"href":"https:\/\/saapgestao.com.br\/saapold\/wp-json\/wp\/v2\/media?parent=8547"}],"curies":[{"name":"wp","href":"https:\/\/api.w.org\/{rel}","templated":true}]}}